 factor of 1046108 and 140.
28
Calculate the greatest common divisor of 6000 and 558240.
240
Calculate the highest common factor of 214757 and 76.
19
Calculate the greatest common factor of 808 and 145339.
101
What is the highest common divisor of 189 and 313425?
63
Calculate the highest common divisor of 22 and 12595.
11
What is the highest common divisor of 618 and 93112?
206
What is the greatest common factor of 101 and 98?
1
What is the highest common divisor of 7944698 and 76?
38
What is the greatest common divisor of 3403 and 123?
41
What is the greatest common divisor of 3256 and 3108?
148
What is the greatest common divisor of 3048080 and 35?
35
What is the greatest common factor of 64 and 55648?
32
Calculate the greatest common factor of 7 and 2430953.
7
Calculate the highest common factor of 295 and 172280.
295
What is the highest common divisor of 30734 and 1210?
242
What is the greatest common divisor of 91 and 3757?
13
What is the greatest common divisor of 161703 and 678?
339
Calculate the greatest common divisor of 11942 and 350.
14
What is the greatest common divisor of 649945 and 86?
43
What is the greatest common divisor of 629017 and 1141?
163
Calculate the greatest common divisor of 17506 and 2.
2
Calculate the highest common divisor of 5 and 68958.
1
Calculate the highest common divisor of 72570 and 492.
246
Calculate the highest common divisor of 363874 and 316.
158
Calculate the highest common divisor of 3163776 and 33.
33
What is the highest common factor of 3640 and 13?
13
Calculate the greatest common factor of 1076 and 2042.
2
What is the greatest common factor of 5280 and 223520?
1760
What is the greatest common factor of 188 and 194063?
47
Calculate the highest common factor of 86 and 26015.
43
Calculate the greatest common divisor of 57963 and 9174.
417
Calculate the highest common divisor of 510 and 5185.
85
Calculate the highest common divisor of 207 and 135171.
207
What is the highest common divisor of 780085 and 1335?
445
What is the greatest common divisor of 270200 and 21?
7
Calculate the highest common factor of 679525 and 100.
25
Calculate the greatest common divisor of 7440598 and 2706.
902
What is the highest common divisor of 9557 and 287213?
503
Calculate the greatest common factor of 124 and 11716.
4
Calculate the highest common factor of 15722 and 56.
14
Calculate the highest common factor of 432 and 98388.
108
Calculate the highest common factor of 42842 and 2697.
31
Calculate the greatest common divisor of 1090 and 730.
10
Calculate the greatest common divisor of 17357 and 4250.
17
Calculate the highest common divisor of 48768 and 49152.
384
Calculate the highest common factor of 1564 and 253436.
68
What is the highest common factor of 467700 and 12?
12
Calculate the greatest common divisor of 74032 and 3248.
112
Calculate the greatest common divisor of 352209 and 286.
143
Calculate the greatest common factor of 4141 and 303.
101
What is the greatest common divisor of 602 and 219902?
86
What is the highest common factor of 768 and 2892?
12
Calculate the greatest common divisor of 419226 and 1712.
214
What is the highest common factor of 146410 and 220?
110
What is the greatest common divisor of 392 and 384405?
49
What is the highest common factor of 742 and 12418?
14
Calculate the highest common factor of 408 and 154632.
408
Calculate the highest common divisor of 15684 and 192.
12
What is the highest common divisor of 122804 and 352?
44
Calculate the greatest common divisor of 144 and 60534.
18
Calculate the highest common divisor of 10512 and 16368.
48
What is the greatest common factor of 1932000 and 112?
112
What is the greatest common factor of 37148 and 80320?
1004
Calculate the highest common divisor of 81169 and 314.
157
What is the greatest common divisor of 6116 and 484?
44
What is the greatest common divisor of 6003 and 18423?
207
What is the greatest common factor of 19522 and 18?
2
What is the highest common factor of 3365796 and 12?
12
What is the highest common divisor of 412897 and 1132?
283
What is the greatest common factor of 2150 and 7500?
50
Calculate the greatest common divisor of 212071 and 31.
31
Calculate the greatest common factor of 25014 and 7580.
758
What is the highest common factor of 74 and 105302?
74
Calculate the greatest common factor of 1264 and 62192.
16
What is the greatest common factor of 30 and 271090?
10
What is the greatest common factor of 342 and 35901?
9
Calculate the highest common divisor of 15200 and 96.
32
What is the greatest common factor of 17546 and 1178?
62
Calculate the highest common divisor of 1773 and 1442631.
591
What is the greatest common divisor of 35625 and 71725?
475
Calculate the highest common divisor of 97024 and 379.
379
What is the greatest common divisor of 739 and 19969258?
739
Calculate the greatest common divisor of 4905 and 4142.
109
What is the greatest common divisor of 55596 and 205?
41
What is the highest common divisor of 11074 and 10584?
98
Calculate the greatest common divisor of 1978 and 1104.
46
What is the greatest common factor of 46897 and 23?
23
Calculate the highest common factor of 927 and 1020833.
103
What is the greatest common divisor of 11326 and 98?
14
What is the highest common divisor of 198842 and 14?
14
Calculate the greatest common divisor of 7171 and 3905.
71
Calculate the greatest common factor of 15260 and 385.
35
What is the greatest common factor of 74120 and 152?
8
What is the greatest common divisor of 4589 and 24?
1
Calculate the greatest common divisor of 114 and 1912806.
114
Calculate the greatest common factor of 18005 and 3965.
65
Calculate the greatest common factor of 71559 and 9.
9
What is the highest common factor of 1 and 22091?
1
Calculate the highest common divisor of 84 and 546.
42
Calculate the highest common factor of 916794 and 1395.
279
What is the highest common factor of 7645 and 605?
55
Calculate the greatest common divisor of 11242 and 112.
14
What is the highest common factor of 190 and 128174?
38
Calculate the greatest common factor of 37 and 773.
1
Calculate the greatest common divisor of 74732 and 714.
238
Calculate the greatest common factor of 2430 and 990.
90
What is the greatest common factor of 974150 and 25?
25
What is the greatest common factor of 3317 and 127651?
107
Calculate the highest common divisor of 273435 and 195.
15
Calculate the greatest common factor of 14714 and 154.
14
What is the greatest common divisor of 638 and 2373998?
638
Calculate the greatest common divisor of 70304 and 1014.
338
What is the highest common divisor of 1936 and 594?
22
Calculate the highest common factor of 64961 and 28141.
263
What is the highest common factor of 1083 and 391989?
57
Calculate the greatest common factor of 10 and 1251010.
10
What is the greatest common factor of 34 and 5298?
2
Calculate the greatest common divisor of 163818 and 76.
38
Calculate the highest common factor of 45 and 110310.
15
What is the highest common divisor of 213 and 17182?
71
Calculate the highest common divisor of 181 and 322723.
181
Calculate the greatest common factor of 317318 and 2.
2
What is the greatest common divisor of 860 and 4520?
20
What is the greatest common divisor of 70 and 16480?
10
Calculate the greatest common divisor of 88 and 93368.
88
Calculate the highest common divisor of 2323322 and 69.
23
Calculate the highest common factor of 15499 and 49315.
1409
What is the greatest common factor of 146812 and 867?
289
Calculate the greatest common factor of 108339 and 17094.
231
What is the highest common divisor of 80 and 379648?
16
What is the highest common divisor of 40977 and 2355?
471
What is the greatest common divisor of 800 and 1425?
25
What is the greatest common factor of 1392468 and 8?
4
What is the highest common divisor of 716 and 404182?
358
Calculate the greatest common factor of 146 and 239878.
146
Calculate the highest common factor of 20427 and 2409.
33
What is the highest common factor of 121973 and 2155?
431
Calculate the highest common divisor of 860 and 812.
4
Calculate the highest common factor of 8814 and 5198.
226
Calculate the highest common factor of 5880 and 686.
98
Calculate the greatest common factor of 1386 and 165528.
198
What is the highe